{"id":209,"date":"2025-06-08T11:58:13","date_gmt":"2025-06-08T14:58:13","guid":{"rendered":"http:\/\/canooa.com\/?page_id=209"},"modified":"2025-06-08T11:58:13","modified_gmt":"2025-06-08T14:58:13","slug":"painel-do-vendedor","status":"publish","type":"page","link":"https:\/\/canooa.com\/?page_id=209","title":{"rendered":"Painel do Vendedor"},"content":{"rendered":"<div class=\"guest_permmission_denied\">\n    <p class=\"guest_permmission_denied_message\">Parece que voc\u00ea est\u00e1 tentando acessar o Painel do Vendedor. Este recurso est\u00e1 dispon\u00edvel exclusivamente para vendedores registrados.<br \/><br \/>Junte-se ao nosso marketplace e comece a vender seus produtos para um p\u00fablico amplo. Clique no link abaixo para se registrar e se tornar um vendedor hoje!<\/p>\n    <a class=\"button\" href=\"https:\/\/canooa.com\/?page_id=34\">Registrar-se como Vendedor<\/a>\n<\/div>\n\n","protected":false},"excerpt":{"rendered":"","protected":false},"author":1,"featured_media":0,"parent":0,"menu_order":0,"comment_status":"closed","ping_status":"closed","template":"","meta":{"footnotes":""},"class_list":["post-209","page","type-page","status-publish","hentry"],"_links":{"self":[{"href":"https:\/\/canooa.com\/index.php?rest_route=\/wp\/v2\/pages\/209","targetHints":{"allow":["GET"]}}],"collection":[{"href":"https:\/\/canooa.com\/index.php?rest_route=\/wp\/v2\/pages"}],"about":[{"href":"https:\/\/canooa.com\/index.php?rest_route=\/wp\/v2\/types\/page"}],"author":[{"embeddable":true,"href":"https:\/\/canooa.com\/index.php?rest_route=\/wp\/v2\/users\/1"}],"replies":[{"embeddable":true,"href":"https:\/\/canooa.com\/index.php?rest_route=%2Fwp%2Fv2%2Fcomments&post=209"}],"version-history":[{"count":0,"href":"https:\/\/canooa.com\/index.php?rest_route=\/wp\/v2\/pages\/209\/revisions"}],"wp:attachment":[{"href":"https:\/\/canooa.com\/index.php?rest_route=%2Fwp%2Fv2%2Fmedia&parent=209"}],"curies":[{"name":"wp","href":"https:\/\/api.w.org\/{rel}","templated":true}]}}